) = 9*t**3 + 9*t**2 + 35*t - 288. What is the hundreds digit of o(8)?
1
Let w = -1066 - 1658. Let t(l) = l**3 - 2*l**2 + 4*l - 28. Let f be t(4). What is the hundreds digit of w/(-22) - f/(-110)?
1
Suppose 0 = 10*g - 13*g + 1020. Suppose 5*i + 3*z = g, 330 = 4*i - z + 58. What is the tens digit of i?
6
Suppose 0 = 50*n - 68*n + 4068. Suppose 0 = q - 0*q + 142. Let y = n + q. What is the units digit of y?
4
Suppose 4*b - 5*b + 5*w + 1656 = 0, 0 = 3*w. Suppose 125*a = 127*a - b. What is the tens digit of a?
2
Let p(k) = 345*k**2 + 11*k - 29. What is the tens digit of p(2)?
7
Let g(l) = 365*l**2 + 13*l - 89. What is the units digit of g(-8)?
7
Let j(v) = -v**2 + 373*v + 3197. What is the hundreds digit of j(131)?
8
Suppose -20*h - h + 12579 = 0. What is the hundreds digit of h - -1*(0 - 8)?
5
Let a(j) = 931*j**2 + 106*j - 81. What is the ten thousands digit of a(8)?
6
Suppose -j - 8 = -11, 580 = -2*x + 4*j. Let m = 0 - x. What is the hundreds digit of m?
2
What is the thousands digit of 7 - (635704/(-24) - 12) - (-10)/(-6)?
6
Suppose 4697*f + 2*i + 42184 = 4698*f, -2*f + 84350 = 2*i. What is the thousands digit of f?
2
Let c = -6151 + 7911. What is the tens digit of c?
6
Let l = 16 + -12. Suppose l*m - 4 = 28. Suppose -k + m*k = 567. What is the units digit of k?
1
Suppose 4*k + 5*c + 24 = 35, 2*k - 33 = 3*c. What is the tens digit of 6*(k - 2271/(-9))?
6
Let l(z) = -30*z + 20*z**2 + 41 + 10*z - z**3 - 13 + 27 - 9. What is the units digit of l(14)?
2
Suppose -2*s + 77453 - 7871 = z, 12 = -2*z. What is the tens digit of s?
9
Let x = -721 - -1457. Let m = 2009 - x. What is the units digit of m?
3
Let g = -121 - -363. Suppose o - 1404 = -g. What is the units digit of o?
2
Suppose 65*x + 148257 = 9*x + 775121. What is the units digit of x?
4
Let b(h) = -189*h + 29. Let j be b(7). Let r = 2089 + j. What is the tens digit of r?
9
Suppose 31288 = 23*m + 4079. Let x = m - 686. What is the hundreds digit of x?
4
Suppose -3*m - 1 = -34. Let c = m - 7. Suppose 0*r - 16 = -c*r. What is the units digit of r?
4
Let l be -1 - 1/(4/(-16)). Suppose l = 5*z - 12. Suppose z*b = -5*n + b + 245, -4*n + 209 = -b. What is the units digit of n?
1
Suppose 5*s = q + 111, -3*s + s - 4*q = -40. Let n = s + -8. What is the units digit of 4/(-14) - 0 - (-886)/n?
3
Let p(y) be the second derivative of 17*y**4/3 + 5*y**3/3 - 41*y**2/2 + 3*y + 21. What is the units digit of p(3)?
1
Suppose -2*y = -3*o + 56, -3*y - 2*o = -0*y + 84. What is the units digit of 52/3*(-399)/y?
7
Let n = -21700 + 35600. Suppose 21*r - n = -943. What is the units digit of r?
7
Let k = -603 - -612. What is the thousands digit of (6/k)/((-10)/(-24585))?
1
Let g(n) = 32*n**3 + n**2 - 15*n + 50. What is the thousands digit of g(7)?
0
Let z(f) = f**3 - 6*f**2 - 7*f + 2. Let o be z(7). Suppose -o*y - 4*r - 115 = -3*y, 3*y + 4*r = 281. Suppose 0*h - y = -3*h. What is the units digit of h?
3
Suppose -18*j = 47*j - 7*j - 1087674. What is the hundreds digit of j?
7
Let x = 63 - 63. Suppose 0 = -5*h - 5*f + 20, x*f = -3*h - 5*f + 2. What is the units digit of 24*2 - (-7 - (-1 - h))?
5
Let n = -42770 + 80789. What is the thousands digit of n?
8
Suppose 2*y - 78536 = -2*i, 11*i - 235477 - 196447 = y. What is the thousands digit of i?
9
Suppose 0 = 46*c - 42*c - 164. Suppose -8*g + 12*g - 68 = -n, -c = -n + 5*g. What is the units digit of n?
6
Suppose -2*q - 26 = -3*b, 2*q - b - 66 = 6*q. What is the units digit of 1/2*(282 - q)?
9
Suppose 0 = -2*h - 4*u + 10, 2*h - 3*u - 10 = -5*u. Suppose h*c + 1111 = 6*c. What is the thousands digit of c?
1
Let m be 167*(-2 - -21) - (-29 + 28). Suppose 14*z - 20*z = -m. What is the hundreds digit of z?
5
Let m(q) = 20*q**2 + 11*q + 19. Let n(u) = -u**2 + 16*u - 69. Let c be n(8). What is the tens digit of m(c)?
6
Let j(s) = -93*s + 2538. What is the hundreds digit of j(-55)?
6
Let l be ((-18)/63 - (-16137)/7) + 0. Suppose o + l = -t + 6*t, -4*t - 4*o = -1820. What is the hundreds digit of t?
4
Let c = -87061 - -143919. What is the units digit of c?
8
Let o(u) = 4*u**2 + 5*u + 3. Let c be o(-3). Suppose n + 10*j = 11*j + 21, 95 = 3*n + 5*j. Let i = c + n. What is the units digit of i?
9
Suppose -19*p = -106 - 179. Let r(l) = -l**3 + 15*l**2 + 28*l + 43. What is the hundreds digit of r(p)?
4
Let w be (3/9)/((-6)/(-90)). Let d(n) = n**2 - 9. Let y(u) = u**2 - u - 9. Let p(l) = 4*d(l) - 3*y(l). What is the units digit of p(w)?
1
Let v = -19991 + 31046. What is the units digit of v?
5
Let w = 7935 - 66. What is the tens digit of w?
6
Let i(v) = -v**2 + 9*v + 38 - 39 + 7*v. What is the tens digit of i(14)?
2
Let g = 38 - 40. Let o be 2 + g + 4 - 592. Let p = -407 - o. What is the hundreds digit of p?
1
Suppose 15*g = 10*g - 25, 3*x + 3*g = 18. What is the tens digit of (x + 298)/(2/2)?
0
Let w(i) be the first derivative of i**4/4 + 17*i**3/3 + 7*i**2 + 29*i - 4. What is the tens digit of w(-13)?
2
Let x be 11 + -1 + 0 + 2 + -3. Suppose 5*d - 191 = x. Let h = d - 38. What is the units digit of h?
2
Suppose -3*m = 2*c + 2*c - 5, -4*m = -4*c - 16. Suppose -k + 10 = 3*q + 25, 2*q + 21 = m*k. What is the hundreds digit of (-14)/(-7)*(-393)/q?
1
Let s = -3097 - -1508. Let v = 2272 + s. What is the tens digit of v?
8
Suppose -14*o - 16866 = -122244. What is the hundreds digit of o?
5
Let t = -109 - -107. What is the hundreds digit of t/(-13) + 2*(-32164)/(-143)?
4
What is the tens digit of (-37509)/(-36) + 1 + (-22)/24?
4
Suppose 3*h - 5*t - 25 = 0, h + h = -3*t + 4. Suppose -2*v = -4*u - 1292, h*u + 10 = -0. Suppose -i + 2 = 0, 2*j + 3*i + v = 5*j. What is the tens digit of j?
1
Suppose -3*j - 47 = -53. Suppose 825 = -j*k + 5*m, 0*m + 390 = -k - 5*m. Let z = -281 - k. What is the hundreds digit of z?
1
Let l be -1 + ((-8)/(-10))/(2/(-10)). What is the thousands digit of (155/(-30) - l)*6*-1084?
1
Let a = -57 + 334. Let k = -138 + a. What is the tens digit of k?
3
Let g(t) = t**2 + 7*t - 31. Let k be g(-10). What is the units digit of (2/(k + 5))/((-2)/(-1276))?
9
Suppose -193*r + 2502862 = -49*r - 1379378. What is the ten thousands digit of r?
2
Let f = -2787 - -5927. What is the thousands digit of f?
3
Suppose 3*g = 5*w + 12, -6*g = -3*w - 2*g - 16. Suppose w = 4*x - x + 12, -3868 = -5*h - 3*x. Suppose -3*y = 5*y - h. What is the tens digit of y?
9
Let p = 327 - 292. Suppose -p*g = -36*g + 552. What is the hundreds digit of g?
5
Let s(g) = 229*g - 719. What is the units digit of s(15)?
6
Suppose -2*x + 153*d = 149*d - 18884, -3*d + 9 = 0. What is the tens digit of x?
4
Suppose 167*v - 96 = 161*v. Suppose -v*m = -4*m - 8328. What is the tens digit of m?
9
Let p(j) = -15*j + 68. Let q(r) = -r**3 - 6*r**2 - 2*r + 4. Let g be q(-5). What is the units digit of p(g)?
3
Let a(g) = -g**2 + 5*g + 5. Let y be a(13). Let h = -34 + y. Let s = h - -232. What is the units digit of s?
9
Suppose 76 = 38*v - 36*v. Let o(q) = q**3 + 6*q**2 + 6*q + 6. Let i be o(-6). Let z = v - i. What is the tens digit of z?
6
Let v(l) = -14*l + 35. Let g be v(10). Let r = g - -338. What is the units digit of r?
3
Suppose -24 = 5*q - 54. Let r(n) = 4*n**2 - 11*n - 78. Let l(v) = 2*v**2 - 6*v - 39. Let h(u) = q*r(u) - 11*l(u). What is the tens digit of h(-8)?
8
Let d(j) = 1608*j + 34. What is the tens digit of d(15)?
5
Suppose -9 = 4*m - n, -2*m + 5*m + 4*n - 17 = 0. What is the units digit of m*3044/(-6) + (-4)/(-6)?
8
Suppose -4*c = 2*n, 0*n + 3*n = 3*c. Suppose -14*a = -12*a - 2*q - 198, c = -2*q + 8. What is the tens digit of a?
0
Suppose 3*c + i - 1460 = 5*i, 2*i - 1976 = -4*c. Let b = 3438 - 3106. Let z = c - b. What is the hundreds digit of z?
1
Let f(q) = 20*q**3 + 9*q**2 - 146. What is the thousands digit of f(9)?
5
Let t = 26046 - 11309. What is the units digit of t?
7
Suppose -3*u + 13665 = g, -50*g + 5*u + 41037 = -47*g. What is the thousands digit of g?
3
Let o(y) = 6*y**2 - 311*y - 770. What is the units digit of o(-69)?
5
Suppose 11 = l - 3*r, -2*r + 35 = l + r. Suppose -16*c = -l*c + 3654. What is the hundreds digit of c?
5
Let j = -16 - -20. Suppose -2*o = -2*w - 6, 4*o = 3*w + j + 4. What is the units digit of 55/(-33)*(1 + w)?
5
Suppose 70 = -19*w + 469. Suppose -4*y - 20 = 0, -18*b + 3*y = -w*b + 1791. What is the tens digit of b?
0
Suppose 2*a - 50976 = -2*t, 34*t - 30*t = -2*a + 101944. What is the